{"id":183,"date":"2017-11-09T14:25:48","date_gmt":"2017-11-09T12:25:48","guid":{"rendered":"https:\/\/navipi.ddns.net\/blog\/?page_id=183"},"modified":"2021-11-29T14:26:31","modified_gmt":"2021-11-29T13:26:31","slug":"acerca-del-autor","status":"publish","type":"page","link":"https:\/\/www.fotografiassinpalabras.com\/blog\/acerca-del-autor\/","title":{"rendered":"Acerca del autor"},"content":{"rendered":"<div id=\"attachment_185\" style=\"width: 267px\" class=\"wp-caption alignleft\"><img loading=\"lazy\" decoding=\"async\" aria-describedby=\"caption-attachment-185\" class=\"wp-image-185\" src=\"\/blog\/wp-content\/uploads\/2017\/11\/3064514_1024px-300x300.jpg\" alt=\"Iv\u00e1n Ramos Mu\u00f1oz\" width=\"257\" height=\"257\" srcset=\"https:\/\/www.fotografiassinpalabras.com\/blog\/wp-content\/uploads\/2017\/11\/3064514_1024px-300x300.jpg 300w, https:\/\/www.fotografiassinpalabras.com\/blog\/wp-content\/uploads\/2017\/11\/3064514_1024px-150x150.jpg 150w, https:\/\/www.fotografiassinpalabras.com\/blog\/wp-content\/uploads\/2017\/11\/3064514_1024px-768x768.jpg 768w, https:\/\/www.fotografiassinpalabras.com\/blog\/wp-content\/uploads\/2017\/11\/3064514_1024px-508x508.jpg 508w, https:\/\/www.fotografiassinpalabras.com\/blog\/wp-content\/uploads\/2017\/11\/3064514_1024px.jpg 1024w\" sizes=\"auto, (max-width: 257px) 100vw, 257px\" \/><p id=\"caption-attachment-185\" class=\"wp-caption-text\">IV\u00c1N RAMOS MU\u00d1OZ<\/p><\/div>\n<p>Biograf\u00eda:<\/p>\n<p>De profesi\u00f3n ingeniero inform\u00e1tico, soy un apasionado de la fotograf\u00eda y la tecnolog\u00eda. Mis primeros contactos con la fotograf\u00eda fueron con una c\u00e1mara de carrete de mi padre y un libro de fotograf\u00eda que \u00e9l ten\u00eda por casa; entonces ten\u00eda 16 a\u00f1os. Despu\u00e9s de todo este tiempo he pasado por los procesos de revelado en laboratorio y la ampliadora, hasta el cambio a las c\u00e1maras digitales.<\/p>\n<p>Actualmente me gusta aprender de los maestros pintores que tanto nos tienen que ense\u00f1ar en temas de composici\u00f3n.<\/p>\n<p>Puedes seguirme en las siguientes redes sociales:<\/p>\n<p><a href=\"https:\/\/www.flickr.com\/photos\/ivanuski9\/\" target=\"_blank\" rel=\"noopener noreferrer\"><img decoding=\"async\" style=\"width: 126px;\" src=\"\/blog\/wp-content\/uploads\/2017\/11\/flickr-app-fotografia.jpg\" alt=\"Galer\u00eda de ivanuski9\"><\/a><\/p>\n<p><a class=\"twitter-follow-button\" href=\"https:\/\/twitter.com\/ivanuski9\" data-show-count=\"false\" data-lang=\"es\" data-size=\"large\">Seguir a @ivanuski9<\/a><\/p>\n<p><a href=\"https:\/\/www.instagram.com\/ivanuski9\/\" target=\"_blank\" rel=\"noopener noreferrer\"><img loading=\"lazy\" decoding=\"async\" style=\"margin-left:0px;\" class=\"wp-image-3185 alignleft size-full\" src=\"\/blog\/wp-content\/uploads\/2019\/11\/2475.new-instagram-text-logo.png\" alt=\"Instagram ivanuski9\" width=\"126\" height=\"188\"><\/a><\/p>\n<p><script>!function(d,s,id){var js,fjs=d.getElementsByTagName(s)[0];if(!d.getElementById(id)){js=d.createElement(s);js.id=id;js.src=\"\/\/platform.twitter.com\/widgets.js\";fjs.parentNode.insertBefore(js,fjs);}}(document,\"script\",\"twitter-wjs\");<\/script><\/p>\n","protected":false},"excerpt":{"rendered":"<p>Biograf\u00eda: De profesi\u00f3n ingeniero inform\u00e1tico, soy un apasionado de la fotograf\u00eda y la tecnolog\u00eda. Mis primeros contactos con la fotograf\u00eda fueron con una c\u00e1mara de carrete de mi padre y un libro de fotograf\u00eda que \u00e9l ten\u00eda por casa; entonces ten\u00eda 16 a\u00f1os. Despu\u00e9s de todo este tiempo he pasado por los procesos de revelado [&hellip;]<\/p>\n","protected":false},"author":1,"featured_media":0,"parent":0,"menu_order":0,"comment_status":"closed","ping_status":"closed","template":"","meta":{"_exactmetrics_skip_tracking":false,"_exactmetrics_sitenote_active":false,"_exactmetrics_sitenote_note":"","_exactmetrics_sitenote_category":0,"footnotes":""},"class_list":["post-183","page","type-page","status-publish","hentry"],"yoast_head":"<!-- This site is optimized with the Yoast SEO plugin v25.9 - https:\/\/yoast.com\/wordpress\/plugins\/seo\/ -->\n<title>Acerca del autor - Disfrute de la fotograf\u00eda sin palabras<\/title>\n<meta name=\"description\" content=\"Iv\u00e1n Ramos Mu\u00f1oz, autor del blog fotograf\u00edas sin palabras. Aqu\u00ed subo las historias que m\u00e1s me llaman la atenci\u00f3n y quiero contar con mis fotograf\u00edas.\" \/>\n<meta name=\"robots\" content=\"index, follow, max-snippet:-1, max-image-preview:large, max-video-preview:-1\" \/>\n<link rel=\"canonical\" href=\"https:\/\/www.fotografiassinpalabras.com\/blog\/acerca-del-autor\/\" \/>\n<meta property=\"og:locale\" content=\"es_ES\" \/>\n<meta property=\"og:type\" content=\"article\" \/>\n<meta property=\"og:title\" content=\"Acerca del autor - Disfrute de la fotograf\u00eda sin palabras\" \/>\n<meta property=\"og:description\" content=\"Iv\u00e1n Ramos Mu\u00f1oz, autor del blog fotograf\u00edas sin palabras. Aqu\u00ed subo las historias que m\u00e1s me llaman la atenci\u00f3n y quiero contar con mis fotograf\u00edas.\" \/>\n<meta property=\"og:url\" content=\"https:\/\/www.fotografiassinpalabras.com\/blog\/acerca-del-autor\/\" \/>\n<meta property=\"og:site_name\" content=\"Disfrute de la fotograf\u00eda sin palabras\" \/>\n<meta property=\"article:modified_time\" content=\"2021-11-29T13:26:31+00:00\" \/>\n<meta property=\"og:image\" content=\"https:\/\/www.fotografiassinpalabras.com\/blog\/wp-content\/uploads\/2017\/11\/3064514_1024px-300x300.jpg\" \/>\n<meta name=\"twitter:card\" content=\"summary_large_image\" \/>\n<meta name=\"twitter:site\" content=\"@ivanuski9\" \/>\n<meta name=\"twitter:label1\" content=\"Tiempo de lectura\" \/>\n\t<meta name=\"twitter:data1\" content=\"2 minutos\" \/>\n<script type=\"application\/ld+json\" class=\"yoast-schema-graph\">{\"@context\":\"https:\/\/schema.org\",\"@graph\":[{\"@type\":\"WebPage\",\"@id\":\"https:\/\/www.fotografiassinpalabras.com\/blog\/acerca-del-autor\/\",\"url\":\"https:\/\/www.fotografiassinpalabras.com\/blog\/acerca-del-autor\/\",\"name\":\"Acerca del autor - Disfrute de la fotograf\u00eda sin palabras\",\"isPartOf\":{\"@id\":\"https:\/\/www.fotografiassinpalabras.com\/blog\/#website\"},\"datePublished\":\"2017-11-09T12:25:48+00:00\",\"dateModified\":\"2021-11-29T13:26:31+00:00\",\"description\":\"Iv\u00e1n Ramos Mu\u00f1oz, autor del blog fotograf\u00edas sin palabras. Aqu\u00ed subo las historias que m\u00e1s me llaman la atenci\u00f3n y quiero contar con mis fotograf\u00edas.\",\"breadcrumb\":{\"@id\":\"https:\/\/www.fotografiassinpalabras.com\/blog\/acerca-del-autor\/#breadcrumb\"},\"inLanguage\":\"es\",\"potentialAction\":[{\"@type\":\"ReadAction\",\"target\":[\"https:\/\/www.fotografiassinpalabras.com\/blog\/acerca-del-autor\/\"]}]},{\"@type\":\"BreadcrumbList\",\"@id\":\"https:\/\/www.fotografiassinpalabras.com\/blog\/acerca-del-autor\/#breadcrumb\",\"itemListElement\":[{\"@type\":\"ListItem\",\"position\":1,\"name\":\"Portada\",\"item\":\"https:\/\/www.fotografiassinpalabras.com\/blog\/\"},{\"@type\":\"ListItem\",\"position\":2,\"name\":\"Acerca del autor\"}]},{\"@type\":\"WebSite\",\"@id\":\"https:\/\/www.fotografiassinpalabras.com\/blog\/#website\",\"url\":\"https:\/\/www.fotografiassinpalabras.com\/blog\/\",\"name\":\"Disfrute de la fotograf\u00eda sin palabras\",\"description\":\"Este blog pretende abrir una ventana a mis fotograf\u00edas. En \u00e9l ir\u00e9 colgando las fotograf\u00edas que voy haciendo sin ning\u00fan tipo de explicaci\u00f3n, simplemente im\u00e1genes que intentar\u00e1n mostrar una historia, un lugar o simplemente instant\u00e1neas sueltas del mundo que nos rodea. #fotografiassinpalabras\",\"publisher\":{\"@id\":\"https:\/\/www.fotografiassinpalabras.com\/blog\/#\/schema\/person\/570c06dfae5d1ac88c889586f451770e\"},\"potentialAction\":[{\"@type\":\"SearchAction\",\"target\":{\"@type\":\"EntryPoint\",\"urlTemplate\":\"https:\/\/www.fotografiassinpalabras.com\/blog\/?s={search_term_string}\"},\"query-input\":{\"@type\":\"PropertyValueSpecification\",\"valueRequired\":true,\"valueName\":\"search_term_string\"}}],\"inLanguage\":\"es\"},{\"@type\":[\"Person\",\"Organization\"],\"@id\":\"https:\/\/www.fotografiassinpalabras.com\/blog\/#\/schema\/person\/570c06dfae5d1ac88c889586f451770e\",\"name\":\"Iv\u00e1n Ramos Mu\u00f1oz\",\"image\":{\"@type\":\"ImageObject\",\"inLanguage\":\"es\",\"@id\":\"https:\/\/www.fotografiassinpalabras.com\/blog\/#\/schema\/person\/image\/\",\"url\":\"https:\/\/www.fotografiassinpalabras.com\/blog\/wp-content\/uploads\/2017\/11\/3064514_1024px.jpg\",\"contentUrl\":\"https:\/\/www.fotografiassinpalabras.com\/blog\/wp-content\/uploads\/2017\/11\/3064514_1024px.jpg\",\"width\":1024,\"height\":1024,\"caption\":\"Iv\u00e1n Ramos Mu\u00f1oz\"},\"logo\":{\"@id\":\"https:\/\/www.fotografiassinpalabras.com\/blog\/#\/schema\/person\/image\/\"},\"sameAs\":[\"https:\/\/www.fotografiassinpalabras.com\/blog\",\"https:\/\/x.com\/ivanuski9\"]}]}<\/script>\n<!-- \/ Yoast SEO plugin. -->","yoast_head_json":{"title":"Acerca del autor - Disfrute de la fotograf\u00eda sin palabras","description":"Iv\u00e1n Ramos Mu\u00f1oz, autor del blog fotograf\u00edas sin palabras. Aqu\u00ed subo las historias que m\u00e1s me llaman la atenci\u00f3n y quiero contar con mis fotograf\u00edas.","robots":{"index":"index","follow":"follow","max-snippet":"max-snippet:-1","max-image-preview":"max-image-preview:large","max-video-preview":"max-video-preview:-1"},"canonical":"https:\/\/www.fotografiassinpalabras.com\/blog\/acerca-del-autor\/","og_locale":"es_ES","og_type":"article","og_title":"Acerca del autor - Disfrute de la fotograf\u00eda sin palabras","og_description":"Iv\u00e1n Ramos Mu\u00f1oz, autor del blog fotograf\u00edas sin palabras. Aqu\u00ed subo las historias que m\u00e1s me llaman la atenci\u00f3n y quiero contar con mis fotograf\u00edas.","og_url":"https:\/\/www.fotografiassinpalabras.com\/blog\/acerca-del-autor\/","og_site_name":"Disfrute de la fotograf\u00eda sin palabras","article_modified_time":"2021-11-29T13:26:31+00:00","og_image":[{"url":"https:\/\/www.fotografiassinpalabras.com\/blog\/wp-content\/uploads\/2017\/11\/3064514_1024px-300x300.jpg","type":"","width":"","height":""}],"twitter_card":"summary_large_image","twitter_site":"@ivanuski9","twitter_misc":{"Tiempo de lectura":"2 minutos"},"schema":{"@context":"https:\/\/schema.org","@graph":[{"@type":"WebPage","@id":"https:\/\/www.fotografiassinpalabras.com\/blog\/acerca-del-autor\/","url":"https:\/\/www.fotografiassinpalabras.com\/blog\/acerca-del-autor\/","name":"Acerca del autor - Disfrute de la fotograf\u00eda sin palabras","isPartOf":{"@id":"https:\/\/www.fotografiassinpalabras.com\/blog\/#website"},"datePublished":"2017-11-09T12:25:48+00:00","dateModified":"2021-11-29T13:26:31+00:00","description":"Iv\u00e1n Ramos Mu\u00f1oz, autor del blog fotograf\u00edas sin palabras. Aqu\u00ed subo las historias que m\u00e1s me llaman la atenci\u00f3n y quiero contar con mis fotograf\u00edas.","breadcrumb":{"@id":"https:\/\/www.fotografiassinpalabras.com\/blog\/acerca-del-autor\/#breadcrumb"},"inLanguage":"es","potentialAction":[{"@type":"ReadAction","target":["https:\/\/www.fotografiassinpalabras.com\/blog\/acerca-del-autor\/"]}]},{"@type":"BreadcrumbList","@id":"https:\/\/www.fotografiassinpalabras.com\/blog\/acerca-del-autor\/#breadcrumb","itemListElement":[{"@type":"ListItem","position":1,"name":"Portada","item":"https:\/\/www.fotografiassinpalabras.com\/blog\/"},{"@type":"ListItem","position":2,"name":"Acerca del autor"}]},{"@type":"WebSite","@id":"https:\/\/www.fotografiassinpalabras.com\/blog\/#website","url":"https:\/\/www.fotografiassinpalabras.com\/blog\/","name":"Disfrute de la fotograf\u00eda sin palabras","description":"Este blog pretende abrir una ventana a mis fotograf\u00edas. En \u00e9l ir\u00e9 colgando las fotograf\u00edas que voy haciendo sin ning\u00fan tipo de explicaci\u00f3n, simplemente im\u00e1genes que intentar\u00e1n mostrar una historia, un lugar o simplemente instant\u00e1neas sueltas del mundo que nos rodea. #fotografiassinpalabras","publisher":{"@id":"https:\/\/www.fotografiassinpalabras.com\/blog\/#\/schema\/person\/570c06dfae5d1ac88c889586f451770e"},"potentialAction":[{"@type":"SearchAction","target":{"@type":"EntryPoint","urlTemplate":"https:\/\/www.fotografiassinpalabras.com\/blog\/?s={search_term_string}"},"query-input":{"@type":"PropertyValueSpecification","valueRequired":true,"valueName":"search_term_string"}}],"inLanguage":"es"},{"@type":["Person","Organization"],"@id":"https:\/\/www.fotografiassinpalabras.com\/blog\/#\/schema\/person\/570c06dfae5d1ac88c889586f451770e","name":"Iv\u00e1n Ramos Mu\u00f1oz","image":{"@type":"ImageObject","inLanguage":"es","@id":"https:\/\/www.fotografiassinpalabras.com\/blog\/#\/schema\/person\/image\/","url":"https:\/\/www.fotografiassinpalabras.com\/blog\/wp-content\/uploads\/2017\/11\/3064514_1024px.jpg","contentUrl":"https:\/\/www.fotografiassinpalabras.com\/blog\/wp-content\/uploads\/2017\/11\/3064514_1024px.jpg","width":1024,"height":1024,"caption":"Iv\u00e1n Ramos Mu\u00f1oz"},"logo":{"@id":"https:\/\/www.fotografiassinpalabras.com\/blog\/#\/schema\/person\/image\/"},"sameAs":["https:\/\/www.fotografiassinpalabras.com\/blog","https:\/\/x.com\/ivanuski9"]}]}},"_links":{"self":[{"href":"https:\/\/www.fotografiassinpalabras.com\/blog\/wp-json\/wp\/v2\/pages\/183","targetHints":{"allow":["GET"]}}],"collection":[{"href":"https:\/\/www.fotografiassinpalabras.com\/blog\/wp-json\/wp\/v2\/pages"}],"about":[{"href":"https:\/\/www.fotografiassinpalabras.com\/blog\/wp-json\/wp\/v2\/types\/page"}],"author":[{"embeddable":true,"href":"https:\/\/www.fotografiassinpalabras.com\/blog\/wp-json\/wp\/v2\/users\/1"}],"replies":[{"embeddable":true,"href":"https:\/\/www.fotografiassinpalabras.com\/blog\/wp-json\/wp\/v2\/comments?post=183"}],"version-history":[{"count":15,"href":"https:\/\/www.fotografiassinpalabras.com\/blog\/wp-json\/wp\/v2\/pages\/183\/revisions"}],"predecessor-version":[{"id":3210,"href":"https:\/\/www.fotografiassinpalabras.com\/blog\/wp-json\/wp\/v2\/pages\/183\/revisions\/3210"}],"wp:attachment":[{"href":"https:\/\/www.fotografiassinpalabras.com\/blog\/wp-json\/wp\/v2\/media?parent=183"}],"curies":[{"name":"wp","href":"https:\/\/api.w.org\/{rel}","templated":true}]}}

<div id="attachment_185" style="width: 267px" class="wp-caption alignleft"><img loading="lazy" decoding="async" aria-describedby="caption-attachment-185" class="wp-image-185" src="/blog/wp-content/uploads/2017/11/3064514_1024px-300x300.jpg" alt="Iván Ramos Muñoz" width="257" height="257" srcset="https://www.fotografiassinpalabras.com/blog/wp-content/uploads/2017/11/3064514_1024px-300x300.jpg 300w, https://www.fotografiassinpalabras.com/blog/wp-content/uploads/2017/11/3064514_1024px-150x150.jpg 150w, https://www.fotografiassinpalabras.com/blog/wp-content/uploads/2017/11/3064514_1024px-768x768.jpg 768w, https://www.fotografiassinpalabras.com/blog/wp-content/uploads/2017/11/3064514_1024px-508x508.jpg 508w, https://www.fotografiassinpalabras.com/blog/wp-content/uploads/2017/11/3064514_1024px.jpg 1024w" sizes="auto, (max-width: 257px) 100vw, 257px" /><p id="caption-attachment-185" class="wp-caption-text">IVÁN RAMOS MUÑOZ</p></div>
<p>Biografía:</p>
<p>De profesión ingeniero informático, soy un apasionado de la fotografía y la tecnología. Mis primeros contactos con la fotografía fueron con una cámara de carrete de mi padre y un libro de fotografía que él tenía por casa; entonces tenía 16 años. Después de todo este tiempo he pasado por los procesos de revelado en laboratorio y la ampliadora, hasta el cambio a las cámaras digitales.</p>
<p>Actualmente me gusta aprender de los maestros pintores que tanto nos tienen que enseñar en temas de composición.</p>
<p>Puedes seguirme en las siguientes redes sociales:</p>
<p><a href="https://www.flickr.com/photos/ivanuski9/" target="_blank" rel="noopener noreferrer"><img decoding="async" style="width: 126px;" src="/blog/wp-content/uploads/2017/11/flickr-app-fotografia.jpg" alt="Galería de ivanuski9"></a></p>
<p><a class="twitter-follow-button" href="https://twitter.com/ivanuski9" data-show-count="false" data-lang="es" data-size="large">Seguir a @ivanuski9</a></p>
<p><a href="https://www.instagram.com/ivanuski9/" target="_blank" rel="noopener noreferrer"><img loading="lazy" decoding="async" style="margin-left:0px;" class="wp-image-3185 alignleft size-full" src="/blog/wp-content/uploads/2019/11/2475.new-instagram-text-logo.png" alt="Instagram ivanuski9" width="126" height="188"></a></p>
<p><script>!function(d,s,id){var js,fjs=d.getElementsByTagName(s)[0];if(!d.getElementById(id)){js=d.createElement(s);js.id=id;js.src="//platform.twitter.com/widgets.js";fjs.parentNode.insertBefore(js,fjs);}}(document,"script","twitter-wjs");</script></p>

<p>Biografía: De profesión ingeniero informático, soy un apasionado de la fotografía y la tecnología. Mis primeros contactos con la fotografía fueron con una cámara de carrete de mi padre y un libro de fotografía que él tenía por casa; entonces tenía 16 años. Después de todo este tiempo he pasado por los procesos de revelado [&hellip;]</p>

<!-- This site is optimized with the Yoast SEO plugin v25.9 - https://yoast.com/wordpress/plugins/seo/ -->
<title>Acerca del autor - Disfrute de la fotografía sin palabras</title>
<meta name="description" content="Iván Ramos Muñoz, autor del blog fotografías sin palabras. Aquí subo las historias que más me llaman la atención y quiero contar con mis fotografías." />
<meta name="robots" content="index, follow, max-snippet:-1, max-image-preview:large, max-video-preview:-1" />
<link rel="canonical" href="https://www.fotografiassinpalabras.com/blog/acerca-del-autor/" />
<meta property="og:locale" content="es_ES" />
<meta property="og:type" content="article" />
<meta property="og:title" content="Acerca del autor - Disfrute de la fotografía sin palabras" />
<meta property="og:description" content="Iván Ramos Muñoz, autor del blog fotografías sin palabras. Aquí subo las historias que más me llaman la atención y quiero contar con mis fotografías." />
<meta property="og:url" content="https://www.fotografiassinpalabras.com/blog/acerca-del-autor/" />
<meta property="og:site_name" content="Disfrute de la fotografía sin palabras" />
<meta property="article:modified_time" content="2021-11-29T13:26:31+00:00" />
<meta property="og:image" content="https://www.fotografiassinpalabras.com/blog/wp-content/uploads/2017/11/3064514_1024px-300x300.jpg" />
<meta name="twitter:card" content="summary_large_image" />
<meta name="twitter:site" content="@ivanuski9" />
<meta name="twitter:label1" content="Tiempo de lectura" />
	<meta name="twitter:data1" content="2 minutos" />
<script type="application/ld+json" class="yoast-schema-graph">{"@context":"https://schema.org","@graph":[{"@type":"WebPage","@id":"https://www.fotografiassinpalabras.com/blog/acerca-del-autor/","url":"https://www.fotografiassinpalabras.com/blog/acerca-del-autor/","name":"Acerca del autor - Disfrute de la fotografía sin palabras","isPartOf":{"@id":"https://www.fotografiassinpalabras.com/blog/#website"},"datePublished":"2017-11-09T12:25:48+00:00","dateModified":"2021-11-29T13:26:31+00:00","description":"Iván Ramos Muñoz, autor del blog fotografías sin palabras. Aquí subo las historias que más me llaman la atención y quiero contar con mis fotografías.","breadcrumb":{"@id":"https://www.fotografiassinpalabras.com/blog/acerca-del-autor/#breadcrumb"},"inLanguage":"es","potentialAction":[{"@type":"ReadAction","target":["https://www.fotografiassinpalabras.com/blog/acerca-del-autor/"]}]},{"@type":"BreadcrumbList","@id":"https://www.fotografiassinpalabras.com/blog/acerca-del-autor/#breadcrumb","itemListElement":[{"@type":"ListItem","position":1,"name":"Portada","item":"https://www.fotografiassinpalabras.com/blog/"},{"@type":"ListItem","position":2,"name":"Acerca del autor"}]},{"@type":"WebSite","@id":"https://www.fotografiassinpalabras.com/blog/#website","url":"https://www.fotografiassinpalabras.com/blog/","name":"Disfrute de la fotografía sin palabras","description":"Este blog pretende abrir una ventana a mis fotografías. En él iré colgando las fotografías que voy haciendo sin ningún tipo de explicación, simplemente imágenes que intentarán mostrar una historia, un lugar o simplemente instantáneas sueltas del mundo que nos rodea. #fotografiassinpalabras","publisher":{"@id":"https://www.fotografiassinpalabras.com/blog/#/schema/person/570c06dfae5d1ac88c889586f451770e"},"potentialAction":[{"@type":"SearchAction","target":{"@type":"EntryPoint","urlTemplate":"https://www.fotografiassinpalabras.com/blog/?s={search_term_string}"},"query-input":{"@type":"PropertyValueSpecification","valueRequired":true,"valueName":"search_term_string"}}],"inLanguage":"es"},{"@type":["Person","Organization"],"@id":"https://www.fotografiassinpalabras.com/blog/#/schema/person/570c06dfae5d1ac88c889586f451770e","name":"Iván Ramos Muñoz","image":{"@type":"ImageObject","inLanguage":"es","@id":"https://www.fotografiassinpalabras.com/blog/#/schema/person/image/","url":"https://www.fotografiassinpalabras.com/blog/wp-content/uploads/2017/11/3064514_1024px.jpg","contentUrl":"https://www.fotografiassinpalabras.com/blog/wp-content/uploads/2017/11/3064514_1024px.jpg","width":1024,"height":1024,"caption":"Iván Ramos Muñoz"},"logo":{"@id":"https://www.fotografiassinpalabras.com/blog/#/schema/person/image/"},"sameAs":["https://www.fotografiassinpalabras.com/blog","https://x.com/ivanuski9"]}]}</script>
<!-- / Yoast SEO plugin. -->

Acerca del autor - Disfrute de la fotografía sin palabras

Iván Ramos Muñoz, autor del blog fotografías sin palabras. Aquí subo las historias que más me llaman la atención y quiero contar con mis fotografías.

Disfrute de la fotografía sin palabras

Este blog pretende abrir una ventana a mis fotografías. En él iré colgando las fotografías que voy haciendo sin ningún tipo de explicación, simplemente imágenes que intentarán mostrar una historia, un lugar o simplemente instantáneas sueltas del mundo que nos rodea. #fotografiassinpalabras

Iván Ramos Muñoz
